 466*y = 454*y. Let t(x) = 2*x + 51. Calculate t(y).
51
Let i be (-558)/(-8) - (2 - 4)/8. Let r(x) = -3 - 20*x - 29*x - 26*x + i*x. Determine r(-7).
32
Let g(i) = i**2 - 15*i - 12. Let c(d) = -21*d + 1609. Let k be c(76). Determine g(k).
-38
Let r(w) = -2*w**2 + 15*w + 946. Let l be r(-18). Let u(p) = -p**3 + 27*p**2 + 27*p + 31. Calculate u(l).
3
Let h be 2 - (-2 + 1 + 2) - 52. Let z be h*(0 + (-10)/(-15)). Let a = z + 28. Let o(t) = 3*t - 4. What is o(a)?
-22
Let s(a) = 47*a + a**2 - 16*a + 5 - 25*a. Give s(-2).
-3
Suppose 28*h - 23074 - 144366 = 0. Let x(s) = -h*s**2 + 5984*s**2 - 1 - 5*s + 3*s. Calculate x(-1).
5
Let g(w) = 13*w**3 - 16*w**2 - 13*w - 6. Let s(o) = 11*o**3 - 14*o**2 - 13*o - 5. Let j(f) = -5*g(f) + 6*s(f). Determine j(6).
-6
Let a(t) be the third derivative of -1/360*t**6 + 1/8*t**5 + 0*t**3 + 0 + 0*t - 1/12*t**4 + 21*t**2. Let h(b) be the second derivative of a(b). Determine h(10).
-5
Let k(w) = w**2 + 28*w - 8. Let t be k(0). Let l(r) = -2*r**2 - 16*r + 5. Calculate l(t).
5
Let n(l) = 85*l - 266. Let j(q) = -12*q**2 - 193*q - 192. Let b be j(-15). What is n(b)?
-11
Let k(r) be the third derivative of -r**5/60 + 11*r**4/24 - 67*r**2. Suppose 0 = -v - 3 + 12. Calculate k(v).
18
Let x(d) = 7*d - 2. Let y be x(-2). Let m(k) = -759 + k**2 + 2277 - 760 - 754 + 16*k. Calculate m(y).
4
Suppose -7*f = -24*f - 8143. Let t = -477 - f. Let g(p) = -5*p**2 - p - 2. Determine g(t).
-24
Let r be 3*4*(-30)/24. Let g be (3 - 7)*5/(r/6). Let b(a) = -a**2 + 9*a - 1. Determine b(g).
7
Let a = -12840 + 12848. Let j(k) = -2*k**2 - k + 12. Determine j(a).
-124
Let p(w) be the third derivative of -w**5/30 - 23*w**4/24 - w**3 + 2*w**2 + 57*w. Determine p(-9).
39
Suppose -4*n - 2*k + 2 = 0, 2*n + 36*k - 34*k - 2 = 0. Let i(p) = -2*p**2 + 2*p + 11. Determine i(n).
11
Let z(o) = -o**2 - 10*o + 63. Let q be z(-14). Let c(d) = q - 70*d - 66*d + 2*d**2 + d**2 - 63*d + 212*d. What is c(-5)?
17
Let w(s) = 9*s**2 + 7*s + 11. Let g(p) = -14*p**2 + 8*p - 9. Let j(b) = 7*b**2 - 5*b + 4. Let k(c) = -6*g(c) - 11*j(c). Let f(v) = 4*k(v) - 3*w(v). Give f(-5).
-3
Let d(g) be the third derivative of -29*g**5/20 + g**4/24 - 39*g**2 + 39. What is d(1)?
-86
Let u(q) = -q**2 + 2. Suppose 0 = -0*k - 2*k + 4. Let y be 3*1*(-5 + -5 + 11). Suppose -y*j - 2*x = -10, k*j - 3*x + 2*x = -5. Calculate u(j).
2
Let h(i) = -2*i**2 - 47*i + 9. Suppose -42 = 43*z + 461 + 486. Give h(z).
32
Let f(b) = -4*b**2 + b - 1. Suppose 4*j + 0*a = -3*a + 13, 4*j + 4*a - 12 = 0. Suppose -2 = -c + 1. Let m be 1/j*(c + 1). Determine f(m).
-4
Let a be 65/39*((0 - 4) + -2). Let d(l) = l**3 + 11*l**2 + 14*l + 12. Give d(a).
-28
Let z(l) = l**3 + l. Let g(s) = 2*s**3 - s**2 + 4*s + 2. Let p(t) = g(t) - 4*z(t). Let j(k) = -k**3 + 92*k**2 - 97*k + 548. Let m be j(91). Determine p(m).
-18
Let s(d) = d**2 + 11*d - 14. Let f(o) = o**2 - 16*o - 116. Let u be f(21). Calculate s(u).
-14
Suppose -l + 2 + 1 = 0. Let k(n) = -10*n + 9*n**2 - n**3 + l*n - 7 - n. Let y(d) = 7*d**2 - d. Let j be y(-1). Determine k(j).
-7
Let o(d) = 2*d**3 - 6*d**2 - 3*d - 14. Let b = 10484 - 10479. Determine o(b).
71
Let y(i) = -22*i**2 + 1787*i - 1794*i + 21*i**2 - 17. Calculate y(-5).
-7
Let w(k) = -13*k + 5. Let n(z) = -13*z + 4. Let c(l) = -6*n(l) + 5*w(l). Suppose 3*p + 5*b = -28, 4*b = 2*b - 10. Calculate c(p).
-12
Let t be 3*(-94)/(-24) + (-5)/(-20). Let y(n) = -13*n**2 - 4 - t + 14*n**2 - 15*n. What is y(16)?
0
Let o(r) be the second derivative of -r**5/20 + r**4/2 + r**3/3 - r**2 + r. Suppose 21*y - 11*y = 0. Suppose y = -9*b + 22 + 32. What is o(b)?
10
Let k(f) = f**2 + 4*f - 4. Let b(j) = -j**2 + j + 2. Let w be b(2). Suppose w = 3*t + 4*p + 23, -3*t - 5*p - 5 - 20 = 0. Give k(t).
1
Let a(y) = -y + 9 + 11 + 6 - 28 - 2. Let f be 1/(-1) + -4 - -2. Give a(f).
-1
Let n(r) = 6*r**2 + r. Let s be (-138)/(-18) + 8/24. Suppose 0 = 5*o + f + s, 5*o + 2*f = 6*f + 7. Calculate n(o).
5
Let q(x) = x**3 - 19*x**2 + 32*x + 39. Let l be q(17). Suppose -c = -d + 9, l + 10 = -c - 5*d. Let s(p) = 3*p - 5. Calculate s(c).
-35
Suppose 10 = 3*q - 8*q. Let t(w) = 331*w + 336*w - 6 + 8 - 663*w + 0. What is t(q)?
-6
Let a(r) = -15*r + 17. Let m(f) = 5*f**2 + 76*f - 63. Let h be m(-16). What is a(h)?
2
Let z(y) be the first derivative of y**3/3 + 5*y**2 + 7*y + 3. Let c be 1 + -5 + 168/(-28). Give z(c).
7
Let z = -575 - -573. Let h(q) = q**2 + q. Let m(a) = 2*a**2 + 2*a. Let k(x) = z*m(x) + 3*h(x). Suppose c - 1 = 1. Determine k(c).
-6
Let r(o) be the first derivative of -3*o**2/2 + o + 3024. Determine r(11).
-32
Let z(b) = -11*b - 802. Let q be z(-74). Let t(d) = -3*d + 16. Determine t(q).
-20
Let o(c) be the first derivative of -c**3/3 - 11*c**2/2 + 108*c + 1879. Determine o(6).
6
Let n(y) = 2*y + 4 - 3*y**3 + 2*y**2 + 4*y**3 - y - 7*y**2. Let u = 147 - 142. Calculate n(u).
9
Let q be -72*46/(-207) - 0. Let s(w) = w**3 - 15*w**2 - 20*w - 11. Determine s(q).
-75
Let k = 4795 - 4778. Let g(x) be the first derivative of 1/3*x**3 + 0*x + k - 1/2*x**2. Determine g(3).
6
Suppose 31 = f - 4*d - 33, 0 = -f + 2*d + 48. Let u(h) = -2*h**3 + 63*h**2 + 33*h - 44. What is u(f)?
-12
Suppose -4*i = 6*i - 7*i. Suppose h + 9 - 17 = i. Let n(s) = 5*s**2 - 16*s - 12. Let q(t) = -3*t**2 + 11*t + 8. Let o(w) = h*q(w) + 5*n(w). Determine o(-8).
4
Suppose 3*r - 2*n = -4, -3*n + 8*n = -4*r + 10. Suppose 8*j + 67 + 13 = r. Let l(v) = v**2 + 9*v - 10. Give l(j).
0
Let v(c) = -517*c + 170*c + 173*c + 4*c**2 - 20*c**2 + 176*c. What is v(-1)?
-18
Suppose 0 = -17*f + 21*f + 2*o + 38, f = o - 20. Let b(a) = -a**3 - 15*a**2 - 24*a + 26. Determine b(f).
0
Let b(l) = -l**3 - 23*l**2 + 20*l + 10. Let f(d) = -3*d**3 - 65*d**2 + 59*d + 28. Let c(n) = 11*b(n) - 4*f(n). Give c(-9).
-20
Let t(d) be the first derivative of -d**5/20 + d**4/12 - 2*d**2 + 31*d - 31. Let q(b) be the first derivative of t(b). Determine q(0).
-4
Let j(g) = 2*g**2 - 2*g - 2. Let z(x) = 2*x**3 - 9*x**2 + 10*x + 6. Let s(b) = -6*j(b) - z(b). Give s(-2).
6
Let g = -173 + 179. Let u(v) = v**3 - 7*v**2 + 3*v - 3. Determine u(g).
-21
Let f(r) = 6*r**3 + 6*r**2 - 7*r - 1. Let w(q) be the first derivative of q**4/4 + q**3/3 - q**2/2 - q + 60. Let b(o) = f(o) - 5*w(o). What is b(-3)?
-8
Let m(c) be the second derivative of -1/4*c**4 + 0*c**2 + 0 + 19*c - 1/6*c**3 - 1/20*c**5. Calculate m(-3).
3
Suppose -m + 0 + 5 = 0. Let b(h) be the first derivative of -h**5/60 + h**4/6 - h**3/3 - h**2/2 + 67. Let z(g) be the third derivative of b(g). What is z(m)?
-6
Let y(t) = -5*t - 84. Let v = 3805 + -3818. Give y(v).
-19
Let i(t) = 355*t**3 + 3 + 2*t - 2*t**2 + 320*t**3 - 1 - 679*t**3 + 3*t**2. Calculate i(-2).
34
Let h(w) = w**2 + 10*w - 11. Let g be ((-408)/119 + 2)/((-3)/(-21)). Calculate h(g).
-11
Let s(a) = -a**2 + 25*a - 48. Suppose 4*h + 91 = 5*q, 0 = 5*h - 4*h - 6. Give s(q).
-2
Let n = 13 + -10. Let u(p) = 3*p + 2*p + 13 + n*p - 5*p - 4*p. What is u(9)?
4
Let o(j) = j**3 - 5*j**2 - 5*j - 7. Let w be (-4*(-6)/4)/((-36)/(-24)). Suppose -6*c + 4*c + 10 = 0. Suppose h + w*m = 2, -15 = c*h - 3*m - 48. Determine o(h).
-1
Let a = 55 + -51. Suppose -a*b = -b. Let u(k) be the second derivative of k**5/20 - k**3/6 + 11*k**2/2 + 5*k + 3. Give u(b).
11
Let n be 16385/9831*(-24)/(-10)*38/8. Let u(t) = t**2 - 25*t + 111. Give u(n).
-3
Let h(f) = 2*f**3 + 23*f**2 + 10*f + 25. Let l be h(-11). Let t(v) = 40 + l + 37 - 2*v**2 - 151 + 37. What is t(3)?
-19
Let n(p) = -4*p**2 - 5. Let g(w) = -3*w**2 - 3. Let x(t) = -5*t + 36. Let r be x(6). Let a(m) = r*g(m) - 4*n(m). Calculate a(-2).
-6
Let u(d) = -375*d**2 + 446*d - 1. Let m(x) = -1028*x**2 + 1337*x - 3. Let v(f) = 4*m(f) - 11*u(f). What is v(-34)?
-1
Let x(i) = -20*i + 17. Let j(y) = -718*y - 2158. Let v be j(-3). Determine x(v).
97
Let t(c) be the first derivative of 11*c**2/2 + 58*c - 684. What is t(-5)?
3
Let b(c) = -c**3 + 9*c**2 - 11*c + 12. Let f be 12/(-30)*-5 + -13. Let l(u) = 2*u**2 + 20*u - 14. Let k be l(f). Calculate b(k).
-12
Let o be ((-32)/64)/((-1)/(3 - 11)). Let m(q) = -2*q**3 - 12*q**2 - 17*q - 3. Determine m(o).
1
Let t(n) = -29 - 54*n - n**3 + 31*n + 58 - 3*n**3 + 5*n**3. What is t(5)?
39
Suppose -q = 3*q - 44. Suppose 0 = -4*r - 3*d + q, 2*r + 4*d + 2 = -0*r. Let z(f) = -r*f - 8*f + 11*f + 3. Give z(5).
-7
Let f(u) = u**2 + 18*u + 14. Let z(b) = -b**2 - 20*b 